 + 269. Let a(g) = -34*g - 6. Let w be a(-8). What is the greatest common divisor of w and m?
38
Let s(v) = 15*v + 130. Let w be s(-5). Calculate the highest common factor of w and 407.
11
Let x(v) = -10*v - 52. Let m be 11/(165/(-80)) + (-4)/6. Let k be x(m). Calculate the highest common factor of k and 28.
4
Let l be (-2*2/8)/((-3)/192). What is the greatest common factor of l and 160?
32
Let i(a) = -a**2 - 15*a - 46. Let o be i(-6). Calculate the greatest common factor of 92 and o.
4
Let d = -1 - 2. Let p be 4/12 - 71/d. Suppose 3*w - p = -3*v, 0 = -w - 4*v + 5. Calculate the highest common factor of w and 9.
9
Let q(m) = -55*m + 356. Let t be q(6). What is the highest common divisor of 754 and t?
26
Suppose 0 = -2*i + 4 + 22. Suppose -9*l = -i*l + 12. Suppose l*y + 128 = 4*q, 3*y - 6*y - 12 = 0. Calculate the highest common divisor of 116 and q.
29
Suppose -5*g + 5*c = -385, -273 = -4*g - 0*c - 3*c. Calculate the greatest common divisor of g and 12.
12
Let y be ((-462)/88)/((-2)/144). Calculate the highest common divisor of 42 and y.
42
Let u = 1 + 1. Suppose -1 = u*l - 5. Suppose -2*t - t = -3*w + 123, -l*w + 4*t = -86. Calculate the greatest common factor of w and 13.
13
Let r = -393 - -423. What is the greatest common factor of r and 36?
6
Let k = -566 - -1018. Let t = k - 320. Suppose -4*u + 188 = -t. Calculate the highest common factor of 10 and u.
10
Let s = 101 - 85. Suppose -x + 4 + s = 0. What is the greatest common factor of 4 and x?
4
Let n = -17 - -4. Let s = -29 - n. Let j = s - -19. Calculate the greatest common divisor of j and 3.
3
Suppose 3*s + s = 204. Suppose 2*b - 3*h - 498 = 0, 9*h - 8*h = 3*b - 761. Calculate the greatest common factor of s and b.
51
Let b = -23 + 65. Let o(a) = 43*a**2 + 2*a - 8. Let l be o(2). Calculate the highest common divisor of l and b.
42
Let m = -758 + 766. Calculate the highest common divisor of m and 72.
8
Let q = -29 + 29. Suppose q = 3*u - 99. Calculate the greatest common factor of 22 and u.
11
Let g be 1 - -20 - 2 - 17/(-17). Let n be 2/4 + 1270/20. Let o = 164 - n. Calculate the highest common divisor of g and o.
20
Let y = 1251 + -918. Calculate the highest common factor of 18 and y.
9
Let a(x) = 29*x + 364. Let s be a(0). What is the greatest common factor of s and 455?
91
Suppose 2*f = 32 + 24. Let z = -21 + f. Suppose -v + z = -6. What is the greatest common divisor of 143 and v?
13
Let x = -366 - -444. What is the highest common factor of x and 6?
6
Let s be ((-4)/5)/((-2)/45). Let o = -160 - -160. Suppose -z - 3*b = -15, 5*b - 7 + o = -z. What is the greatest common divisor of z and s?
9
Let t = -938 + 1471. Calculate the highest common divisor of t and 13.
13
Suppose 3*l = -t + 275, 5*l + 39 = -5*t + 504. Suppose -4*j + 104 = 4*j. What is the greatest common divisor of l and j?
13
Let m = 3381 + -2565. Calculate the greatest common factor of 36 and m.
12
Let i be (28/49)/(-1 - (-372)/364). Calculate the highest common factor of i and 4.
2
Let a(o) = o**2 - 40*o - 173. Let y be a(-5). Calculate the greatest common factor of y and 403.
13
Let w(d) = -33*d - 4. Let t be w(-3). Suppose 3*b - 2*m - 382 = -b, -5*b + 480 = -5*m. Suppose -7*c - b = -12*c. What is the highest common factor of t and c?
19
Let x = -36 + 78. Let q = -105 + 169. Let y = q - x. Calculate the highest common divisor of 2 and y.
2
Let p(n) = -n**2 + 7*n + 4. Let j be (21/(-15))/((-3)/15). Let r be p(j). Let s = 10 + r. What is the highest common factor of 42 and s?
14
Let c = -8 + 0. Let b = 44 + c. What is the greatest common factor of 9 and b?
9
Let b be 5 + (96/(-30) - 1/(-5)). Suppose -b*j = -204 - 36. Calculate the highest common divisor of 15 and j.
15
Suppose -2*o + 5*r = -o - 173, 2*o = -3*r + 333. Calculate the greatest common divisor of o and 42.
42
Let b be 1 - -11 - (0 - 0). Let w = -17 + 65. Calculate the greatest common factor of w and b.
12
Suppose -5*d + 5*j - 335 = 0, 2*j + 46 = -d - 18. Let z = d - -78. Let m(q) = 11*q + 4. Let t be m(4). Calculate the highest common factor of z and t.
12
Let f = 971 + -913. Calculate the highest common factor of f and 841.
29
Let n be (2/6)/(1/1083). Calculate the highest common divisor of 19 and n.
19
Let i be (-1)/((1/(-18))/1). Let j = i + 37. What is the greatest common factor of 5 and j?
5
Let q be 37/(1/(-1)) + -2. Let v = -29 - q. What is the greatest common divisor of v and 80?
10
Suppose -5*h + 90 = 3*x, -h - 4*x - 81 = -116. Let p be (-2)/3 - (-1)/(-3). Let a be p*2/1 + 17. What is the highest common factor of a and h?
15
Let m(g) = 3*g - 4. Let a be m(3). Suppose a*r + 0*r - 25 = 0. Suppose -3*h - v = 2*v - 9, 0 = r*v + 5. Calculate the greatest common factor of 32 and h.
4
Let v(b) = 2*b**2 - 6*b + 6. Let t be v(4). Let h(n) = -1 + 6*n - 1 + 3 + 0*n. Let p be h(t). What is the highest common factor of 17 and p?
17
Let j = -396 + 409. What is the highest common divisor of j and 104?
13
Let y be 8*62/(-4) + 1. Let r = 186 + y. Let v(t) = t**2 - 2*t - 1. Let f be v(4). Calculate the greatest common divisor of r and f.
7
Suppose r - 4*w - 23 = 0, 21*w = -r + 16*w - 22. Calculate the highest common factor of 3 and r.
3
Suppose y - 52 = -5*c, 3*c + c = 4. Calculate the greatest common factor of y and 188.
47
Let f(j) = -5*j + 3. Let u be f(4). Let l = 19 + u. Suppose -r + 2 = -g - 6, -l*g + 33 = 5*r. Calculate the greatest common divisor of 63 and r.
7
Let h(v) = v**3 + 11*v**2 + 14*v + 8. Let o be h(-8). Let u(t) = -t - 13. Let g be u(-21). What is the highest common factor of o and g?
8
Let a be (-6)/9 - 140/(-3). Calculate the highest common factor of a and 345.
23
Let k(i) = 6*i - 2. Let b be k(-1). Let q be 5/(-20) + (-42)/b. Let c(v) = 3*v + 9. Let n be c(q). Calculate the highest common divisor of n and 12.
12
Let u = 28 + -27. Suppose 354 = 3*i - 3*o, 2*o + u = 5. What is the greatest common divisor of i and 12?
12
Let n be (-2)/(6*3/9). Let w be -3 + 4 - n/(-1). Suppose w = c - 37 - 33. Calculate the greatest common divisor of 10 and c.
10
Let q(u) = u**3 - 4*u**2 - u + 5. Let m be q(4). Let o be -2*21/(-12)*2*m. Calculate the highest common factor of 91 and o.
7
Let v be 176/(-5) - (-13)/65. Let x be (-1)/(v/(-30))*-147. What is the greatest common factor of x and 14?
14
Let l be (-40)/(-50)*(46 + -1). What is the highest common factor of 24 and l?
12
Let v(m) = -m**3 - 4*m**2 - 3*m + 1. Let d be v(-4). Let n = -1 - 0. Let y be n + 2 - (-12 - 0). What is the highest common divisor of d and y?
13
Let b be 1626/18 + 7 + (-2)/(-3). Calculate the highest common factor of 56 and b.
14
Let g = 28 + -53. Let u = 69 + g. What is the highest common factor of 4 and u?
4
Let x(l) = -2*l**2 - 3*l + 13. Let s be x(-3). Let h be ((-93)/s)/(42/(-448)). What is the highest common factor of h and 31?
31
Let z(k) = 2*k**2 - 19*k + 10. Let b be z(14). Calculate the greatest common factor of 34 and b.
34
Let s be (-2191)/(-42) - (-2)/(-12). What is the greatest common divisor of 8 and s?
4
Suppose -m + 2*m - 23 = -s, -2*m + 41 = -3*s. Suppose 2*j + q = 61, -2*j + 24 = -4*q - 62. What is the greatest common divisor of j and m?
11
Suppose 0 = 5*p - 4*u - 155, -4*u = -3*u + 5. Calculate the highest common factor of 324 and p.
27
Let a(t) = -12*t - 27. Let j be a(-5). Suppose -3*c - 3*r = -186, -5*c + 5*r = 144 - 494. What is the highest common factor of j and c?
33
Suppose -3*k - 3 = -w - 0*k, 4*k - 16 = 0. Suppose 11 = -2*x + w. What is the greatest common divisor of 26 and x?
2
Suppose 17 = -5*p + 112. Let l = -285 + 499. Suppose l + 356 = 6*b. Calculate the greatest common factor of b and p.
19
Let r be 0 + 0 + -1746*10/(-15). Let l be r/9 + (-4)/(-6). Calculate the highest common divisor of l and 13.
13
Suppose -5*b - 2*q = -354, -q - 6 = q. Suppose -c = -4*c + 54. What is the greatest common factor of b and c?
18
Let l(h) = 2*h**2 + 5*h - 6. Let i be l(3). Let q = i - 24. Calculate the greatest common factor of 3 and q.
3
Suppose 197*i - 188*i - 1710 = 0. Calculate the highest common factor of i and 665.
95
Let v be ((-92)/69)/((-4)/39). Calculate the highest common factor of v and 260.
13
Let u = 137 - 37. Calculate the highest common divisor of 75 and u.
25
Suppose -8 = 11*n - 96. Suppose n*i = 16 + 168. Calculate the greatest common divisor of i and 207.